Suppose 0*p = 4*p - 20. Let x(f) be the first derivative of -1/3*f**3 - 27 + 2*f**2 + 6*f. Calculate x(p).
1
Let n be 118/(-14) - ((-243)/(-21) - 11). Let x(u) = -2*u + 1. Calculate x(n).
19
Let f(v) = -2*v**3 + v**2 + 2*v + 1. Let t be f(-1). Let o(w) = -7*w - 7. Let l = 60 - 62. Let m(u) = 3*u + 3. Let s(b) = l*o(b) - 5*m(b). Calculate s(t).
-3
Let b(h) = 18*h**3 + 42*h**2 - 6*h + 28. Let z(j) = -10*j**3 - 21*j**2 + 2*j - 14. Let d(s) = -4*b(s) - 7*z(s). Determine d(-11).
-3
Let p(w) be the first derivative of -2*w**2 + w - 1. Let v(b) = -3*b + 52. Let z be v(17). Calculate p(z).
-3
Let d(m) = m**3 + 20*m**2 - 21 - 14*m - 15*m**2 - 2*m - 15*m**2 + 22*m**2. Give d(-13).
18
Suppose g = -3*g. Suppose g = -12*v + 8*v + 8. Let u(n) = -3 + 5 + v*n - 2 - 4. Give u(3).
2
Let p(l) = 6*l**2 + 20*l + 64. Let k(i) = -i**2 - 3*i - 13. Let f(m) = -23*k(m) - 4*p(m). Determine f(4).
-17
Let z(g) = -6 + g**3 + 0 - 89*g**2 + 15*g - 12*g + 95*g**2. Determine z(-5).
4
Let n(m) be the third derivative of m**7/5040 - 17*m**6/720 + 17*m**5/10 + 231*m**2. Let y(u) be the third derivative of n(u). Give y(0).
-17
Let i(t) = 9*t - 5. Let x(b) = -8*b + 5. Let m(f) = 4*i(f) + 5*x(f). Suppose -5*y - 54 = -p - 65, 0 = 4*y - 2*p - 10. Calculate m(y).
-3
Let j(t) be the first derivative of t**4/3 + 2*t**3/3 - t**2/2 + 39*t + 41. Let w(r) be the first derivative of j(r). Give w(1).
7
Let s = 55 - 56. Let w(q) = 56*q**2 - 14*q - 34. Let f(j) = -19*j**2 + 5*j + 12. Let y(m) = -17*f(m) - 6*w(m). Calculate y(s).
-12
Let x(k) = 13. Let h(r) = -r**2 - 19*r + 47. Let c(i) = h(i) - 2*x(i). Calculate c(-19).
21
Let a(i) be the first derivative of i**3/6 - 5*i**2/2 - 39*i + 52. Let f(b) be the first derivative of a(b). Determine f(5).
0
Let k(n) = -n. Suppose 0 = -1840*s + 1834*s - 12. Let g = 11 - 6. Let h = s + g. What is k(h)?
-3
Let j(k) be the third derivative of -k**6/120 - 3*k**5/20 + 23*k**4/24 + 2*k**3/3 - k**2 - 70*k - 12. Determine j(-11).
-7
Let u(h) = -7*h - 3. Let k = 1485 - 1485. Give u(k).
-3
Let z(h) = -5*h + 46. Let u = 6765 + -6754. Determine z(u).
-9
Let l be 8/28*-3*-1*(2 - -12). Let h(w) be the second derivative of 0 - 1/12*w**4 + 7/6*w**3 - 1/2*w**2 - l*w. Give h(5).
9
Let u(n) = n**3 - 6*n**2 + 2*n - 5. Let o(v) = -v**3 + 29*v**2 + 28*v + 66. Let m(p) = p**2 + 10*p + 19. Let r be m(-11). Let a be o(r). Determine u(a).
7
Suppose a - 15 = -2*a. Suppose x = 1, 0 = p + 4*x - 10 - 1. Let l(h) = -2*h - p + 3*h + 17 - 12. Determine l(a).
3
Let j(m) = m**3 + 15*m**2 - 18*m - 32. Let q(t) be the third derivative of -t**5/30 - 13*t**4/24 - 3*t**3/2 + 2*t**2 - 7. Let i be q(-7). Determine j(i).
0
Let w(f) = f**3 - 3*f**2 - 6*f + 9. Let p be w(6). Let c = p + -78. Let k(x) = -583 - 5*x + 7*x**2 + 578 - 3*x**c + 2*x**3. Determine k(6).
1
Suppose 0 = -v + 40*v - 897. Suppose 3*s - 43 = -l, l - 3*l - 58 = -3*s. Let y = s - v. Let g(p) = -p**2 - 7*p - 2. What is g(y)?
-2
Let y(h) = -17 + 13 + 18*h - 11. Determine y(1).
3
Let o = 487453 - 487457. Let v(q) = -q**3 - 2*q**2 - 4*q - 1. Let x(t) = t**2 + 1. Let z(j) = -v(j) + 2*x(j). Determine z(o).
-13
Let k(h) = -7*h + 1. Let n(l) = -15*l + 2. Let u(f) = 13*k(f) - 6*n(f). Let b = 58 - 98. Let g = b + 41. Calculate u(g).
0
Let x(n) = -n**2 - 3*n - 6. Let s be (3/4)/(3/8). Suppose 9*a = 7*a - 4*h, -s*a = h + 9. Determine x(a).
-24
Let o(b) = b**2 - 2. Let z = -4224 + 4222. Give o(z).
2
Let k be -7*(2/(-2) + 0). Let w(j) = -11 - 9*j**2 + 8 + 7*j**2 + 7*j + j**2. Give w(k).
-3
Suppose 0 = -24*w + 452 + 268. Let g be ((-30)/(-150))/(2/w). Let m(n) = -n**2 + n + 1. Calculate m(g).
-5
Let l(s) = s**2 - 18*s + 45. Let t be -16 + 406/16 - 6*2/32. Give l(t).
-36
Let a(d) be the first derivative of -1/4*d**4 + 7*d + 0*d**2 + 5/3*d**3 + 96. Determine a(5).
7
Let j(d) = -17 - 80*d - 365*d**2 + 15*d + d**3 + 181*d**2 + 165*d**2. Determine j(22).
5
Let g(s) be the first derivative of s**4/4 + 11*s**3/3 - s**2/2 - 10*s + 2746. Determine g(-11).
1
Suppose 0*v = -2*v. Let l(d) = -3 + 10*d - 8*d**2 - 3 + 9*d**2 - 3 - 2. Let q(t) = -2*t**2 - 23*t + 23. Let j(w) = 7*l(w) + 3*q(w). What is j(v)?
-8
Let i(f) = 27*f + 1. Let g be ((-110)/440)/(3/(-36)). Calculate i(g).
82
Let f = -898 - -903. Let t be 2*(-1 - 21/(-6)). Suppose -4*z - t*c + f = 30, 0 = 3*c + 3. Let p(l) = l + 9. Calculate p(z).
4
Let k(i) be the third derivative of -i**5/60 + 2*i**4/3 + 47*i**3/6 + 6*i**2 + 207*i. What is k(19)?
-10
Suppose -4 = 3*d + 2. Suppose -w - 5*t = 24, 4*w + 4*t - 2 + 50 = 0. Let j(x) = 16*x - 10. Let g(l) = -4*l + 2. Let y(s) = w*g(s) - 2*j(s). What is y(d)?
-6
Let t(h) = 5*h**2 + 13*h**2 - 17 - 13*h**2 - 4*h**2 + 11*h + 0*h**2. Calculate t(-13).
9
Let r(y) = 9*y**3 - 2*y**2 - y. Suppose 2*d - 11*d + 162 = 0. Let h = d + -13. Suppose 0*c + 2 = c + t, -h*c + 1 = 2*t. Determine r(c).
-10
Let k be (-130)/(-39)*(-12)/(-10). Suppose a - 10 = w, 8 - 3 = k*a + 3*w. Let y(s) = s**2 - 5*s. Give y(a).
0
Suppose 31*d = -135 + 138 + 276. Let h(n) = -n**2 + 25*n - 137. Calculate h(d).
7
Let k(w) = 9*w**2 - 10*w - 803 - 910 + w**3 + 1627. Calculate k(-9).
4
Let h(c) = -55*c - 96*c - 182867 - 25*c**2 + c**3 + 182900. Determine h(30).
3
Let d(g) = 6*g**2 - 5*g + 4. Let c be d(1). Let l(y) = 4*y**2 - 13*y - c*y**2 - 2 + 0 + 10*y. Give l(-4).
-6
Let u(n) = -4*n - 1. Suppose -3*x = 179 - 32. Let q(t) = 3*t**2 - 41*t - 13. Let y be q(15). Let s = y + x. Give u(s).
7
Let k = 641 + -636. Suppose 0*o - 14 = 5*o + 2*b, 5*o + 5*b + k = 0. Let g(a) = 2*a**2 + 6*a - 7. Calculate g(o).
1
Let m(o) = -6*o**2 - 6*o - 18. Suppose 2*n = 70*y - 71*y - 17, 0 = -2*n - 14. Determine m(y).
-54
Let y(i) = 5*i**3 + 10*i**2 - 4*i - 4. Let c(m) = 4*m**3 + 9*m**2 - 3*m - 4. Let s(z) = -6*c(z) + 5*y(z). Suppose -83*w + 42*w + 42*w = 3. Give s(w).
-11
Let r(g) = -g**2 - 10*g - 3. Let m be r(-2). Let p(q) = -2*q + m + 15 - 27. Give p(1).
-1
Let d(w) = 16*w**3 - 10*w**2 - 21*w + 16. Let v(k) = 3*k**3 - 2*k**2 - 4*k + 3. Let u = -464 + 462. Let z(a) = u*d(a) + 11*v(a). What is z(2)?
-3
Let q(s) be the third derivative of s**4/6 + 37*s**3/6 + 2640*s**2. Give q(-4).
21
Let r(u) = -6*u**3 + 8*u**2 + 11*u - 10. Let l(f) = 11*f**3 - 15*f**2 - 19*f + 18. Let v(x) = -4*l(x) - 7*r(x). Give v(-3).
91
Let m(v) = -4*v - 5. Let r(l) = 11. Let q(k) = 2*m(k) + 10*r(k). Determine q(13).
-4
Let z(y) = 9*y + 14. Suppose -64*n = -38*n + 104. What is z(n)?
-22
Let k be ((-66)/(-154))/(6/210*5). Let x(j) = 4*j**2 - 11*j + 4. Let n(v) = 12*v**2 - 32*v + 12. Let d(s) = -6*n(s) + 17*x(s). What is d(k)?
-25
Let g(l) be the second derivative of -l**3/6 - l**2/2 + 8*l. Let k(y) = 22*y**2 - 16*y**2 + 1 + y + 3*y - 6. Let z be k(1). Calculate g(z).
-6
Let g = -21857 + 21852. Let a(u) = -3*u**2 - 12*u - 3. Give a(g).
-18
Let a(r) = -16*r. Suppose 818*k - 758*k = 180. Give a(k).
-48
Let q(o) = o**3 - 7*o**2 + 10*o + 3. Let f = -20 + 25. Let k be q(f). Let n(z) = -3*z**3 + 4*z**k + 6*z**2 - z**3 + 7*z - z**3 + 2. Give n(7).
2
Let m be -5 + 2 + 2 + 0. Suppose -14 = -2*t - 10. Let x(q) = 3 + q**t - 3 - 1 - 7*q**3. Determine x(m).
7
Let d(r) be the third derivative of -r**6/120 + 7*r**5/60 + r**4/24 - r**3/6 - 44*r**2. Let h = 30 - 55. Let c = 32 + h. Give d(c).
6
Suppose 0 = 16*g + 5*g - 11*g - 60. Let k(i) = 3*i**2 - 23*i + 4. What is k(g)?
-26
Let t(z) = 2*z + 16. Let v = 3361 + -3356. What is t(v)?
26
Suppose 21 = -x - 5*b, x - 2*b = -b - 3. Let g(s) = s + 1. Let o(c) = c + 2. Let m(i) = x*o(i) + 7*g(i). Let f = 2859 - 2851. Give m(f).
3
Let v(s) = -3*s - 2. Let r(a) = a**3 - 3*a**2 - 2*a - 11. Let q be r(6). Suppose 0 = 2*w - h - q, -4*h = -2*w + 78 + 10. Suppose 5*b = -9*b + w. Determine v(b).
-11
Let d(a) = 26*a - 31. Let c(t) = -57*t + 58. Let z(o) = 3*c(o) + 7*d(o). What is z(0)?
-43
Suppose -5*m - 4 - 6 = -q, 2*q = -m + 64. Suppose 5*l = 35 + q. Let x(a) = -l + a - 5 + 16. What is x(-3)?
-5
Let n(b) = 7*b + 201. Let h(w) = 43*w + 531. Let l be h(-13). Calculate n(l).
5
Let p(r) be the second derivative of 1/3*r**3 + 0 + 7/2*r**2 + 69*r. Calculate p(-8).
-9
Let h(a) = -a**3 + a**2 + a + 13. Suppose 19*k = 91 + 4. Suppose k*c - t + 6*t = 0, -3*t = 0. Give h(c).
13
Let q(i) = -i**3 + 29*i**2 - 79*i + 24. Let b be q(26). Let d(y) = -6*y**2 + 2*y. Give d(b).
-28
Let c(b) = -3*b + 2*b - 698 - 726 + 1376. What is c(-12)?
-36
Suppose d